(5). Suppose 19610 = -2*d + 108*d. Suppose d + 215 = j*s. List the prime factors of s.
2, 5
Let i be 2/7 + (60/(-14) - -2). Let h be ((-142)/(-6))/(i*(-5)/180). Let g = -284 + h. What are the prime factors of g?
2, 71
Let q be (-6)/42 + 36/7. What are the prime factors of 4 + ((-2*5)/q - -411)?
7, 59
Let k be (-54)/(-2)*(46 - 22). Let h = k - 410. List the prime factors of h.
2, 7, 17
Let w = 94522 + -66178. List the prime factors of w.
2, 3, 1181
Suppose -3*w + 2*n - 360 = 0, w - 15 = n - 136. Let h = 248 + w. List the prime factors of h.
2, 5, 13
Let g(k) = 62*k - 3. Let a be g(4). Let r be 228/(-57) - (1 + 1*-7). Suppose r*i + 3*m - 236 = -m, -2*i + a = -5*m. List the prime factors of i.
2, 3, 5
Let z(u) = u**3 - 3*u**2 + 4*u - 18. Let o(s) = -2*s**3 + 3*s**2 - 4*s + 18. Let f(m) = -4*o(m) - 5*z(m). List the prime factors of f(4).
2, 11
Let q = -68004 + 103959. List the prime factors of q.
3, 5, 17, 47
Let k(p) = p**2 + 8*p + 16. Let x be k(-4). Let i be 2/(2 - x/(-2)). Suppose 4*z = 303 + i. List the prime factors of z.
2, 19
Suppose 445*c + 498*c - 12944156 = 291*c. List the prime factors of c.
19853
Suppose 6*b + b - 13198 = 29614. What are the prime factors of b?
2, 11, 139
Let d be 327/9 - 1 - (-22)/33. Let x(g) = g**2 - 42*g + 276. List the prime factors of x(d).
2, 3, 5
Let f(i) = 30834*i + 151. What are the prime factors of f(2)?
61819
Suppose 2*i = 824 + 170. Let p = i + -259. What are the prime factors of p?
2, 7, 17
Suppose k - 16 = v, -5*k = -v - 28 - 64. Let w = k - 21. List the prime factors of 4/(1/(-35)*w).
2, 5, 7
Let j = -25567 - -37654. List the prime factors of j.
3, 17, 79
Let k = 123207 - 85725. What are the prime factors of k?
2, 3, 6247
Let t(s) = -5*s**3 + 14*s**2 + 2*s - 132. What are the prime factors of t(-9)?
3, 1543
Suppose 0 = 72*l - 1257790 + 300262. List the prime factors of l.
3, 11, 13, 31
List the prime factors of (68/(-102))/(4/(-18630)).
3, 5, 23
Suppose 0 = o - 7 - 13. Suppose -o*i - 390 = -17*i. Let f = -34 - i. What are the prime factors of f?
2, 3
Let w(p) = 48*p**2 - 196*p - 6. What are the prime factors of w(12)?
2, 3, 11, 23
Let w = 27 + -19. Let v(g) = 19*g + 8. Let m be v(w). Suppose 0 = -l - 3*a + 82, a = -2*l - 3*a + m. List the prime factors of l.
2, 19
Let b = 1298 + 961. List the prime factors of b.
3, 251
Suppose 6*f = 3*f + 72. Suppose 3*s - f = -3*l, -2*s - 5 = -3. Let w(p) = 8*p + 18. List the prime factors of w(l).
2, 3, 5
Let v be -2*((-7)/14)/((-1)/(-22)). Suppose -2*u - 11 = -0*u - 3*r, 2*u + 1 = r. Suppose 0 = k - 4*b - 45, v + 102 = 4*k - u*b. What are the prime factors of k?
29
Suppose -2*k - a - 97268 = -4*k, 5*a = -4*k + 194550. List the prime factors of k.
5, 71, 137
Suppose 0 = 9*b - 5*b - 44. Suppose b*a - 2800 - 2282 = 0. What are the prime factors of a?
2, 3, 7, 11
Suppose 3*x + 5*y - 5871 = 8348, 23755 = 5*x - 3*y. What are the prime factors of x?
2, 1187
Suppose -269*r + 6024 = -281*r. Suppose 3*f = 5*s - 2271, -f + 4*s = -0*f + 764. Let d = r - f. What are the prime factors of d?
2, 5
Suppose -c + 42308 = 5*x, 131*x + 16919 = 133*x - c. List the prime factors of x.
8461
Suppose 3*a + 7 = -4*d, 0 = d + 4*a + a - 11. Let t be ((-2)/(-3))/(d/(-24)). Suppose -2*v - 236 = -5*v + 5*g, 5*v = t*g + 389. List the prime factors of v.
7, 11
Let b(v) = 9*v**2 + 68*v + 305. Let g(l) = 2*l**2 + 14*l + 61. Let i(k) = -2*b(k) + 11*g(k). List the prime factors of i(-21).
1447
Let n = 63 + -44. Suppose -n*x + 20*x = 0. Suppose 3*v - 466 - 188 = x. List the prime factors of v.
2, 109
Let l(d) = -2*d**2 + 6*d + 6. Let t be l(5). Let g(x) = x**3 + 14*x**2 - x - 13. Let v be g(t). List the prime factors of v/(0 - 1/(-147)) + -2.
5, 29
Suppose -23*w + 14719824 = 691*w. List the prime factors of w.
2, 3, 859
Suppose -3*r - 14 = -4*y, 18 = -2*r + r - 2*y. Let m(b) = b**2 + b + 11. List the prime factors of m(r).
101
Suppose 5*n - 2*n - 49914 = -2*a, 2*a + 2*n - 49920 = 0. List the prime factors of a.
2, 3, 19, 73
Let o = -212 - -302. List the prime factors of 12/o + 12815/75.
3, 19
Suppose 0 = 124*b - 112*b - 170160. What are the prime factors of b?
2, 5, 709
Let m(q) = 6*q + 125. Let d be m(-18). Suppose 6205 = -0*s + d*s. List the prime factors of s.
5, 73
Suppose -30*h - 12 = -27*h, -15452 = -5*z + 3*h. List the prime factors of z.
2, 193
Suppose r = p - 42894, -2*p = -3*p - 3*r + 42878. List the prime factors of p.
2, 5, 4289
Suppose 0 = a - 42 + 38. Suppose p + y = -a*y + 121, 2*p = -3*y + 228. List the prime factors of p.
3, 37
Let f = 85224 - 48443. What are the prime factors of f?
36781
Suppose 11*u - 29 = 4. Suppose -u*k + 20*k = 12937. List the prime factors of k.
761
Let d = -2 + 4. Suppose 0 = d*r + 3*r - 10. Suppose -r*o + 86 = -44. List the prime factors of o.
5, 13
Let j = 362 - 359. Suppose 3453 = j*b + 426. What are the prime factors of b?
1009
What are the prime factors of (-7)/((-35)/12)*132*5?
2, 3, 11
Suppose 4*s + 2*q + q - 153 = 0, 0 = 5*s - q - 177. Let l = 61 - 36. Let f = s - l. What are the prime factors of f?
11
Let h(y) be the second derivative of -21*y**3 - 341*y**2/2 - 33*y - 3. What are the prime factors of h(-14)?
1423
Suppose 0 = -5*c - 4*r + 304, -223 = -5*c + 5*r + 72. Let m be 4*5/c*6/1. What are the prime factors of (m/4)/(1/302)?
151
List the prime factors of (-547 + 4)/(4/1)*(-6 - -2).
3, 181
Suppose 16815183 + 6723536 - 2188989 = 313*k. What are the prime factors of k?
2, 5, 19, 359
Let g(d) = 4*d + 6. Let b be g(16). Let z be b/(-21)*(-30)/4. Let f = z - -11. What are the prime factors of f?
2, 3
Suppose 6*y = 75*y - 422280. List the prime factors of y.
2, 3, 5, 17
Suppose -18*l = -4*l - 42. Suppose -w = -i + l*w - 7, 2*w = 2*i + 20. Let x(o) = o**3 + 14*o**2 + 16*o + 15. List the prime factors of x(i).
2, 101
Let w(g) be the third derivative of -g**6/60 - 3*g**5/20 + g**4/24 + 19*g**3/6 - 6*g**2 + 6*g. List the prime factors of w(-8).
3, 17
Suppose 0 = -h + 126 + 74. Suppose 4*k - h = -y, 99 = 5*k + 5*y - 151. List the prime factors of k.
2, 5
Let n = 23 + -20. Let t be (n - 0) + 11/((-88)/16). List the prime factors of (-3 - (-3 + -83)) + t + -1.
83
Suppose 0 = -c - p - 0*p + 30481, -121906 = -4*c - p. List the prime factors of c.
5, 23, 53
Let y = 80 + 18. Let f be (324/14)/(7/y). Suppose 0 = -s - 3*s - 3*g + f, 4*s - 4*g - 324 = 0. List the prime factors of s.
3
Let i(f) be the first derivative of -f**3/3 + 3*f**2/2 - 3*f + 1. Let s be i(5). Let a(y) = y**2 + 12*y + 25. What are the prime factors of a(s)?
2, 19
Let f(o) = -1610*o + 4309. What are the prime factors of f(-15)?
149, 191
Suppose -76 = -2*z - 4*u, -z - 3*u + 54 = 13. Suppose 2*a + 8 = 4*v, 4*v - z = 3*a + 2*v. What are the prime factors of a/(-28)*(0 - -178)?
89
Let b = 8100 - -5092. What are the prime factors of b?
2, 17, 97
Let y = 19 + 29. Let d = 224 - y. What are the prime factors of d?
2, 11
Let f = 39 + -51. List the prime factors of 487 + 9/((-54)/f).
3, 163
Suppose 2*n = 1003 + 853. Let v = n - 556. Let c = -185 + v. List the prime factors of c.
11, 17
What are the prime factors of (87614/4)/(263/526)?
71, 617
Let o(u) = u**3 - u**2 - 3*u + 91. Let r(s) = 58 - 7*s - 76 + s. Let v be r(-3). List the prime factors of o(v).
7, 13
Let t = 1136 + 1237. Let p = t + -1383. List the prime factors of p.
2, 3, 5, 11
Let c = -118 - -120. Suppose c*d = 4*l + 670, d + 4*l = 152 + 213. List the prime factors of d.
3, 5, 23
Let n = -656 - -392. Let q = n - -281. List the prime factors of q.
17
Let l be (5/1 - 0)/((-31)/(-31)). Suppose 544 = l*w - 666. List the prime factors of (w/(-6))/((-1)/(6 + -3)).
11
Let c(i) be the second derivative of i**5/20 + 3*i**4/4 - i**3 + 15*i**2/2 - 5*i. Let n be c(-10). Let a(w) = -6*w - 28. List the prime factors of a(n).
2, 61
Let m(s) = 2*s + 13. Let z be m(-4). Let a(x) = 19*x**2 - 34*x. List the prime factors of a(z).
5, 61
Let f(v) = -13*v**3 - 37*v**2 - 16*v - 114. List the prime factors of f(-17).
2, 3, 2963
Let x(c) = -30*c**2 - c - 1. Let p be x(-2). Suppose 4*w + 828 = -2*s + 6*s, -213 = w + 5*s. Let r = p - w. What are the prime factors of r?
89
Let v = -82 - -86. Suppose -z + 132 = 8*y - 4*y, -v*y = -z + 124. List the prime factors of z.
2
Let g(f) = -13*f**2 + 4*f - 9. Let o be g(4). Let j = 78 + o. Let z = j + 256. What are the prime factor